1*a + 24. Give y(7).
-4
Let n(j) = -4*j**2 + 18*j - 4. Determine n(5).
-14
Let o(z) = -z - 33. What is o(-14)?
-19
Let j(i) = -i**3 + 5*i**2 - i. Determine j(5).
-5
Let z(l) = l**2 - 8*l - 13. Calculate z(9).
-4
Let k(w) = -w**2 + 11*w - 15. Determine k(10).
-5
Let g(i) = 28*i - 166. What is g(6)?
2
Let y(s) = -11*s**2 - 3*s - 1. Calculate y(-1).
-9
Let u(f) = f**3 + 5*f**2 - 4*f + 17. Give u(-6).
5
Let i(l) = -l**3 + 10*l**2 - 12*l + 2. Give i(9).
-25
Let b(p) = -3*p**2 - 23*p - 16. Calculate b(-9).
-52
Let u(v) = 3*v**2 + 3*v - 3. Calculate u(-3).
15
Let o(l) = 152*l**3 - l**2 - 3*l - 3. What is o(-1)?
-153
Let z(i) = -i**3 - i**2 - 6*i - 3. Calculate z(-2).
13
Let a(b) = -5*b**3 - b**2 + b + 1. Determine a(-1).
4
Let l(w) = -w**3 + 7*w**2 - 30*w + 134. Give l(6).
-10
Let k(l) = -l**2 + 11*l - 25. What is k(4)?
3
Let g(w) = -2*w**2 + 12*w - 10. Give g(8).
-42
Let a(s) = s - 15. Calculate a(16).
1
Let p(i) = 48*i + 238. Calculate p(-5).
-2
Let y(b) = 2*b + 2. Determine y(3).
8
Let n(f) = -2*f**2 - 17*f - 5. Calculate n(-7).
16
Let f(b) = -b**2 + 5*b - 12. Give f(8).
-36
Let r(m) = 47*m - 433. Calculate r(9).
-10
Let o(b) = -2*b**2 - 3*b + 2. Determine o(2).
-12
Let j(w) = -7*w + 1. Give j(1).
-6
Let f(n) = 82*n - 253. What is f(3)?
-7
Let n(g) = 7*g + 1. Calculate n(1).
8
Let p(u) = -7*u + 4. What is p(3)?
-17
Let s(i) = i - 13. Give s(-7).
-20
Let a(b) = b**3 + 5*b**2 - 17*b - 16. What is a(-7)?
5
Let g(a) = -2*a**2 + 49*a + 86. Give g(26).
8
Let q(b) = 156*b**3 + 2*b**2 + 2*b + 2. Determine q(-1).
-154
Let i(s) = 2*s**2 + 23*s - 9. Determine i(-12).
3
Let t(w) = -w**3 + 3*w**2 + 10*w. Calculate t(6).
-48
Let m(o) = -o**2 - 15*o + 15. What is m(-18)?
-39
Let l(w) = w**2 + 11*w + 3. Determine l(-12).
15
Let a(d) = -d**3 + 4*d**2 - 3*d + 27. What is a(4)?
15
Let r(j) = -11*j + 125. Determine r(11).
4
Let m(c) = -21*c**3 - c + 1. Calculate m(1).
-21
Let f(a) = 5*a**3 + a**2 - 3*a - 5. What is f(-2)?
-35
Let g(l) = -l**3 + 8*l**2 - 2*l + 8. What is g(8)?
-8
Let h(y) = -y**3 - 4*y**2 - 118*y - 472. What is h(-4)?
0
Let t(w) = w**3 - 9*w**2 + 2*w + 5. Calculate t(4).
-67
Let y(h) = -8*h - 2. Determine y(6).
-50
Let j(d) = d**3 - 9*d**2 + 4*d - 6. Determine j(9).
30
Let v(x) = -x**2 - 14*x - 4. Give v(-7).
45
Let a(g) = g**2 + 4*g - 4. Calculate a(-8).
28
Let w(m) = -m - 1. Give w(12).
-13
Let d(l) = 3*l**3 - 10*l**2 + 12*l - 1. Give d(1).
4
Let t(p) = p**2 + 15*p + 6. Determine t(-14).
-8
Let m(o) = o + 20. Calculate m(-7).
13
Let k(x) = -9*x**2 - 23*x - 8. Determine k(-5).
-118
Let c(y) = y**3 - 7*y**2 - 1. Give c(2).
-21
Let k(y) = -2*y**3 - 24*y**2 + 20*y - 16. Give k(-13).
62
Let g(x) = -x**3 + 4*x**2 + 8*x - 20. Give g(5).
-5
Let b(u) = 4*u + 7. Give b(-2).
-1
Let c(o) = -o**3 + 13*o**2 + 12*o + 32. Determine c(14).
4
Let h(q) = 11*q + 281. What is h(-25)?
6
Let k(t) = -12*t + 15. Give k(5).
-45
Let l(m) = 2*m**2 - 35*m - 16. What is l(18)?
2
Let n(v) = -v**3 + 7*v**2 - v + 10. Determine n(7).
3
Let n(j) = 13*j**2 + 2*j - 5. Give n(1).
10
Let t(d) = -2*d**3 - 4*d**2 + 14*d - 10. Calculate t(4).
-146
Let o(b) = 34*b**2 - 71*b. Calculate o(2).
-6
Let a(p) = p**2 - 6*p - 15. Determine a(12).
57
Let m(j) = -j**3 - 11*j**2 - 29*j + 17. Calculate m(-5).
12
Let c(u) = u - 12. Give c(0).
-12
Let a(y) = -5*y + 4. What is a(2)?
-6
Let g(f) = f**3 + 3*f**2 + 3*f + 2. Determine g(-2).
0
Let j(k) = 7*k - 10. Give j(2).
4
Let t(j) = -2*j**3 + 26*j**2 - 15*j - 1. Give t(12).
107
Let t(u) = -2*u**2 + 74*u - 82. What is t(36)?
-10
Let l(n) = n**2 - 9*n - 11. Give l(10).
-1
Let u(p) = p**2 - 7. Give u(-7).
42
Let i(q) = q**3 + 8*q**2 - 2*q + 10. What is i(-7)?
73
Let h(f) = -f + 21. Give h(11).
10
Let k(b) = 24*b**2 + 1. Give k(1).
25
Let f(v) = 9*v. Determine f(2).
18
Let b(r) = -2*r + 24. Calculate b(0).
24
Let x(i) = i**2 - 5*i + 3. Determine x(4).
-1
Let b(v) = -v**2 + 7*v - 14. Determine b(10).
-44
Let w(y) = -3*y**3 - 5*y**2 - 8*y - 13. Give w(-3).
47
Let h(f) = f**3 + 25*f**2 + 3*f + 78. Determine h(-25).
3
Let t(i) = 3*i**2 - 27*i - 3. What is t(9)?
-3
Let x(q) = -q**2 - 11*q + 100. Calculate x(6).
-2
Let i(j) = -3*j**3 - 2*j**2 - 2*j + 3. What is i(2)?
-33
Let t(r) = -r**3 - 19*r**2 + 9*r + 38. Calculate t(-19).
-133
Let z(i) = -6*i + 20. Give z(5).
-10
Let k(t) = t**2 - 4*t - 319. Determine k(20).
1
Let n(x) = -7*x + 108. Calculate n(19).
-25
Let h(u) = -297*u - 1181. Determine h(-4).
7
Let a(m) = m**2 + m + 5. Calculate a(7).
61
Let u(x) = 3*x + 16. Give u(-7).
-5
Let g(u) = 6*u + 56. Calculate g(-8).
8
Let u(k) = 2*k + 78. Determine u(-36).
6
Let j(n) = -n**3 + 3*n**2 + 3*n - 5. Calculate j(3).
4
Let t(i) = i - 26. Determine t(0).
-26
Let g(s) = -s**3 - 8*s**2 + 6*s - 10. Calculate g(-9).
17
Let k(u) = 11*u**2 - u. Calculate k(-1).
12
Let d(n) = 9*n + 82. Give d(-8).
10
Let k(g) = g**2 + 17*g + 21. Determine k(-18).
39
Let u(b) = -2*b**3 - 3*b**2 - 7*b - 13. Give u(-2).
5
Let p(j) = j**2 - 17*j + 47. Determine p(16).
31
Let o(k) = -4*k + 46. Calculate o(12).
-2
Let z(d) = -d + 61. Give z(15).
46
Let i(m) = 53*m**3 - 2*m**2 - m + 3. Calculate i(1).
53
Let c(l) = -l**3 + 3*l**2 + 4*l + 1. Determine c(3).
13
Let n(p) = -p**3 + 24*p**2 - 22*p - 14. Calculate n(23).
9
Let h(w) = -5*w**2 + w + 1. Calculate h(-2).
-21
Let b(x) = -6*x - 4. What is b(-3)?
14
Let p(a) = -12*a + 5. What is p(2)?
-19
Let y(f) = -f**3 + 5*f**2 + f + 3. Determine y(0).
3
Let f(t) = 14*t**2 - 4*t + 1. Give f(-4).
241
Let f(m) = -2*m**2 + 26*m - 31. Give f(12).
-7
Let v(u) = -u**3 - 2*u**2 + 3*u - 2. Calculate v(-3).
-2
Let b(k) = 3*k + 29. Determine b(-15).
-16
Let i(y) = 2*y**3 + 10*y**2 + 11*y + 20. Give i(-4).
8
Let x(a) = a + 41. Determine x(-45).
-4
Let a(x) = -x**2 - 15*x + 47. Calculate a(3).
-7
Let n(x) = x**3 + 9*x**2 + 16*x + 7. Calculate n(-6).
19
Let k(i) = -2*i + 9. What is k(16)?
-23
Let c(v) = 4*v + 51. Calculate c(-15).
-9
Let w(y) = -7*y + 92. Calculate w(13).
1
Let p(y) = 3*y**2 - 23*y + 2. Calculate p(7).
-12
Let c(n) = -n**3 - 2*n**2 - n + 2. Determine c(-4).
38
Let r(s) = 14*s**3 + 3*s**2 + 5*s + 3. What is r(-1)?
-13
Let w(h) = h**3 - 8*h**2 - h + 33. Determine w(8).
25
Let b(j) = j**2 - 7*j + 5. Determine b(2).
-5
Let f(b) = 4*b + 27. Determine f(-8).
-5
Let g(s) = 7*s**3 - 3*s - 2. Give g(-1).
-6
Let z(j) = 2*j**2 + 36*j - 36. Give z(-19).
2
Let q(n) = -n**2 + 17*n - 63. Calculate q(6).
3
Let w(q) = -7*q**2 + 18*q - 3. Calculate w(3).
-12
Let h(n) = -10*n**2 + n - 1. Give h(1).
-10
Let z(l) = l**3 - 6*l**2 - 10*l - 4. Give z(8).
44
Let x(j) = 2*j + 15. Give x(17).
49
Let m(r) = -7*r + 31. What is m(-13)?
122
Let c(d) = d**2 + 23*d + 9. Calculate c(-23).
9
Let h(i) = -i**2 + 3*i + 8. Determine h(4).
4
Let i(t) = -9*t - 9. Calculate i(-6).
45
Let k(h) = -h**2 + 20*h - 64. Calculate k(17).
-13
Let l(d) = 16*d + 191. Calculate l(-12).
-1
Let k(h) = -h**3 - 14*h**2 - 23*h + 5. Determine k(-12).
-7
Let h(w) = 6*w + 46. Determine h(-20).
-74
Let g(f) = -f**3 + 12*f**2 + 1. Determine g(12).
1
Let m(t) = 8*t - 6. What is m(-7)?
-62
Let q(w) = w**2 - 7*w - 1. Determine q(7).
-1
Let c(k) = 4*k**2 - 4*k + 2. Determine c(2).
10
Let a(m) = -m**2 + 10*m - 15. Determine a(5).
10
Let z(u) = -u**3 - 5*u**2 + 14*u - 8. Give z(-8).
72
Let w(q) = -q + 18. Give w(13).
5
Let i(r) = 7*r**2 - 5*r + 3. What is i(1)?
5
Let g(i) = -266*i + 256. What is g(1)?
-10
Let h(n) = -n**3 - 10*n**2 + 24*n - 1. Determine h(-12).
-1
Let w(z) = 2*z**2 - 23*z + 8. Determine w(15).
113
Let h(p) = -p**3 - 11*p**2 - 16*p + 4. Give h(-9).
-14
Let p(r) = -r**2 + 77*r - 670. What is p(10)?
0
Let v(q) = -5*q + 13. Calculate v(4).
-7
Let t(f) = -f**2 - 24*f + 18. Determine t(-25).
-7
Let n(r) = r**2 - 18*r + 78. What is n(12)?
6
Let a(f) = f**2 - 3*f - 14. Calculate a(6).
4
Let d(x) = -17*x + 19. Determine d(2).
-15
Let d(u) = 3*u - 23. Calculate d(2).
-17
Let o(v) = -v**3 - v**2 - 8. Give o(-4).
40
Let h(u) = -u**3 - 14*u**2 - 13*u - 1. What is h(-13)?
-1
Let o(r) = -r**2 - 9*r - 16. What is o(-5)?
4
Let h(f) = -f**3 + 24*f**2 + 25*f - 1. Calculate h(25).
-1
Let y(b) = b + 30. Calculate y(-21).
9
Let u(n) = -9*n - 22. Give u(3).
-49
Let r(k) = k**2 + 8*k. Give r(-9).
9
Let p(m) = -2*m**2 + 3*m - 2. Determine p(-5).
-67
Let a(s) = s**3 + 6*s**2 - 6*s - 21. What is a(-6)?
15
Let q(i) = -i**3 + 3*i**2 